Is 2333 a prime number?
True
Is 194309 a prime number?
True
Is 48407 prime?
True
Is 449077 prime?
True
Is 6353 a prime number?
True
Is 156931 a prime number?
False
Is 69145 prime?
False
Is 48241 a composite number?
True
Is 19457 a composite number?
False
Is 5311 a composite number?
True
Is 6547 prime?
True
Is 4751 composite?
False
Is 89857 a composite number?
True
Is 80687 prime?
True
Is 552927 composite?
True
Is 388013 a prime number?
False
Is 417691 a composite number?
False
Is 476891 a prime number?
True
Is 8081 a prime number?
True
Is 279649 prime?
True
Is 1829293 a prime number?
True
Is 61811 a composite number?
True
Is 17257 a composite number?
False
Is 28349 a composite number?
False
Is 14347 prime?
True
Is 131413 a composite number?
False
Is 162413 a prime number?
True
Is 562699 a composite number?
False
Is 3779 composite?
False
Is 55851 prime?
False
Is 290737 a prime number?
True
Is 99521 composite?
True
Is 415319 prime?
True
Is 165133 a composite number?
False
Is 1847 prime?
True
Is 6421 prime?
True
Is 1087 a prime number?
True
Is 117497 a composite number?
False
Is 58541 prime?
False
Is 496703 a prime number?
True
Is 14761 a prime number?
False
Is 315982 composite?
True
Is 29009 a composite number?
False
Is 9793 prime?
False
Is 887 prime?
True
Is 3904021 prime?
False
Is 75286 a composite number?
True
Is 76697 prime?
True
Is 20954 a composite number?
True
Is 11981 prime?
True
Is 9917 composite?
True
Is 8791 a prime number?
False
Is 180211 a prime number?
True
Is 20389 a prime number?
True
Is 417413 a composite number?
True
Is 57119 a composite number?
False
Is 277811 a prime number?
False
Is 36973 a prime number?
True
Is 18353 a composite number?
False
Is 766919 composite?
True
Is 13943 a composite number?
True
Is 1195693 composite?
False
Is 54617 a composite number?
False
Is 55801 a prime number?
False
Is 306881 a composite number?
True
Is 722237 composite?
False
Is 1594 prime?
False
Is 35078 a composite number?
True
Is 4499 a composite number?
True
Is 508279 a prime number?
False
Is 15217 prime?
True
Is 168803 a composite number?
False
Is 6589 a prime number?
False
Is 1543 a composite number?
False
Is 816077 a prime number?
True
Is 413309 composite?
True
Is 35179 a composite number?
True
Is 1801 composite?
False
Is 1131307 prime?
True
Is 1034603 a composite number?
True
Is 27157 composite?
True
Is 106853 a composite number?
False
Is 40211 prime?
False
Is 46091 a composite number?
False
Is 4413 prime?
False
Is 2831 a prime number?
False
Is 74797 composite?
False
Is 33907 a prime number?
False
Is 5737 composite?
False
Is 100691 composite?
True
Is 151337 composite?
False
Is 36383 composite?
False
Is 87355 a composite number?
True
Is 37738 prime?
False
Is 32273 composite?
True
Is 331127 a prime number?
True
Is 105445 composite?
True
Is 213 prime?
False
Is 8923 composite?
False
Is 797 a prime number?
True
Is 118387 a prime number?
True
Is 71453 prime?
True
Is 480707 composite?
False
Is 754219 a composite number?
True
Is 1666607 composite?
False
Is 538429 prime?
False
Is 4200115 a prime number?
False
Is 71351 composite?
True
Is 26551 a prime number?
False
Is 1375633 prime?
False
Is 9277 a prime number?
True
Is 39929 composite?
False
Is 118165 a prime number?
False
Is 36371 composite?
True
Is 22679 composite?
False
Is 2819 prime?
True
Is 344083 a composite number?
False
Is 1707 a prime number?
False
Is 1241117 prime?
False
Is 50033 prime?
True
Is 649991 composite?
False
Is 7229 a prime number?
True
Is 2904713 prime?
False
Is 133757 a composite number?
True
Is 1086991 a composite number?
False
Is 33959 prime?
False
Is 6411 a prime number?
False
Is 5042 a composite number?
True
Is 14273 prime?
False
Is 1537 composite?
True
Is 75929 prime?
False
Is 9811 composite?
False
Is 208133 prime?
False
Is 394523 composite?
False
Is 111029 a composite number?
False
Is 13967 a prime number?
True
Is 1336781 a composite number?
False
Is 65753 composite?
True
Is 169567 a prime number?
True
Is 27329 a prime number?
True
Is 5079 composite?
True
Is 1157 a composite number?
True
Is 89581 prime?
False
Is 75367 a composite number?
False
Is 1061 composite?
False
Is 1343 composite?
True
Is 94363 composite?
True
Is 673 composite?
False
Is 1102937 a composite number?
True
Is 167381 a composite number?
False
Is 20717 a prime number?
True
Is 98963 a composite number?
False
Is 17417 a composite number?
False
Is 785 composite?
True
Is 29846 prime?
False
Is 179317 composite?
False
Is 9069 composite?
True
Is 19407 prime?
False
Is 82619 composite?
False
Is 15517 a composite number?
True
Is 1481 prime?
True
Is 2055593 a prime number?
False
Is 34507 prime?
False
Is 82651 composite?
False
Is 130147 composite?
False
Is 2935 composite?
True
Is 2479 composite?
True
Is 32743 composite?
True
Is 65647 a composite number?
False
Is 143053 prime?
True
Is 20173 a composite number?
False
Is 182339 a composite number?
False
Is 1807901 a prime number?
False
Is 26591 a prime number?
True
Is 701 prime?
True
Is 803903 composite?
True
Is 56767 a prime number?
True
Is 15761 prime?
True
Is 5617 composite?
True
Is 44881 prime?
False
Is 42629 a composite number?
True
Is 6029 composite?
False
Is 26303 prime?
False
Is 10831 composite?
False
Is 59951 a prime number?
True
Is 410873 a prime number?
False
Is 122809 a composite number?
True
Is 12133 prime?
False
Is 38113 composite?
False
Is 55795 prime?
False
Is 3109 a prime number?
True
Is 84787 prime?
True
Is 26493 a prime number?
False
Is 20101 prime?
True
Is 280297 prime?
True
Is 12199 composite?
True
Is 411671 composite?
True
Is 138427 composite?
False
Is 234551 prime?
False
Is 57997 prime?
False
Is 2678755 a prime number?
False
Is 22403 a composite number?
True
Is 36029 a composite number?
True
Is 1237661 prime?
True
Is 47791 a prime number?
True
Is 3667253 prime?
False
Is 218009 prime?
False
Is 46481 a composite number?
True
Is 436873 composite?
True
Is 35023 composite?
False
Is 8513 prime?
True
Is 9523 a composite number?
True
Is 21767 composite?
False
Is 129341 composite?
False
Is 3088641 a composite number?
True
Is 809 prime?
True
Is 29195 composite?
True
Is 1380811 a prime number?
True
Is 5123 prime?
False
Is 785831 prime?
False
Is 4711 a prime number?
False
Is 5053883 composite?
False
Is 1170007 prime?
True
Is 3683 prime?
False
Is 35779 a composite number?
True
Is 10063 prime?
False
Is 1053809 a prime number?
True
Is 48799 composite?
False
Is 37273 a composite number?
False
Is 37307 prime?
True
Is 70451 a prime number?
True
Is 60877 prime?
False
Is 421303 prime?
True
Is 192737 composite?
False
Is 466381 a prime number?
False
Is 28349 a prime number?
True
Is 256603 a composite number?
False
Is 36251 a prime number?
True
Is 5639 a composite number?
False
Is 280837 composite?
False
Is 5911 prime?
False
Is 22691 prime?
True
Is 13989 composite?
True
Is 2474 composite?
True
Is 53059 composite?
True
Is 368861 a prime number?
False
Is 116237 a prime number?
False
Is 4919 a prime number?
True
Is 18947 prime?
True
Is 118977 composite?
True
Is 16087 a prime number?
True
Is 5293 a prime number?
False
Is 14371 prime?
False
Is 285317 a composite number?
False
Is 1893023 composite?
True
Is 92357 composite?
False
Is 589 composite?
True
Is 93073 a composite number?
True
Is 13331 prime?
True
Is 16019 prime?
False
Is 7003 a prime number?
False
Is 556723 a prime number?
True
Is 314026 prime?
False
Is 40577 a prime number?
True
Is 2777 composite?
False
Is 172801 composite?
False
Is 258061 a prime number?
True
Is 194167 a prime number?
True
Is 87706 a composite number?
True
Is 16309 a composite number?
True
Is 901 prime?
False
Is 709877 prime?
False
Is 13529 a composite number?
True
Is 416491 a composite number?
False
Is 21849 a composite number?
True
Is 14765 a prime number?
False
Is 50113 a composite number?
True
Is 3007 a prime number?
False
Is 12074 composite?
True
Is 19693 prime?
False
Is 1730281 prime?
False
Is 12373 a prime number?
True
Is 905 a prime number?
False
Is 7123 prime?
False
Is 26459 composite?
False
Is 30893 composite?
False
Is 110159 a composite number?
True
Is 4999081 a prime number?
True
Is 9491 a composite number?
False
Is 112747 a composite number?
True
Is 246889 prime?
True
Is 77611 a composite number?
False
Is 7649 composite?
False
